{"id":41,"date":"2026-01-24T19:37:27","date_gmt":"2026-01-24T19:37:27","guid":{"rendered":"https:\/\/stilo24.com\/index.php\/hottest-hits-anytime-and-anywhere-you-listen\/"},"modified":"2026-01-24T19:51:41","modified_gmt":"2026-01-24T19:51:41","slug":"hottest-hits-anytime-and-anywhere-you-listen","status":"publish","type":"page","link":"https:\/\/stilo24.com\/index.php\/hottest-hits-anytime-and-anywhere-you-listen\/","title":{"rendered":"Somos, una Radio con Indentidad Propia."},"content":{"rendered":"<div>Radio Stilo24 es una emisora de habla hispana que transmite desde la ciudad de Orange en el estado de New Jersey.<\/div>\n<div>Es la se\u00f1al radial.<\/div>\n<div>Radio Stilo24 es una exitosa emisora \u201cDe hispanos para hispanos\u201d.<\/div>\n<div>Es la estaci\u00f3n radial con mas de 10 a\u00f1os de estar al aire y la de mayor credibilidad. Una credibilidad ganada por su filosof\u00eda de trabajo que se resume de la siguiente manera \u201cNo anunciamos nada que no estemos dispuestos a consumir\u201d<\/div>\n","protected":false},"excerpt":{"rendered":"<p>Radio Stilo24 es una emisora de habla hispana que transmite desde la ciudad de Orange en el estado de New Jersey. Es la se\u00f1al radial. Radio Stilo24 es una exitosa emisora \u201cDe hispanos para hispanos\u201d. Es la estaci\u00f3n radial con mas de 10 a\u00f1os de estar al aire y la de mayor credibilidad. Una credibilidad [&hellip;]<\/p>\n","protected":false},"author":1,"featured_media":42,"parent":0,"menu_order":0,"comment_status":"closed","ping_status":"closed","template":"","meta":{"footnotes":""},"class_list":["post-41","page","type-page","status-publish","has-post-thumbnail","hentry"],"_links":{"self":[{"href":"https:\/\/stilo24.com\/index.php\/wp-json\/wp\/v2\/pages\/41","targetHints":{"allow":["GET"]}}],"collection":[{"href":"https:\/\/stilo24.com\/index.php\/wp-json\/wp\/v2\/pages"}],"about":[{"href":"https:\/\/stilo24.com\/index.php\/wp-json\/wp\/v2\/types\/page"}],"author":[{"embeddable":true,"href":"https:\/\/stilo24.com\/index.php\/wp-json\/wp\/v2\/users\/1"}],"replies":[{"embeddable":true,"href":"https:\/\/stilo24.com\/index.php\/wp-json\/wp\/v2\/comments?post=41"}],"version-history":[{"count":2,"href":"https:\/\/stilo24.com\/index.php\/wp-json\/wp\/v2\/pages\/41\/revisions"}],"predecessor-version":[{"id":58,"href":"https:\/\/stilo24.com\/index.php\/wp-json\/wp\/v2\/pages\/41\/revisions\/58"}],"wp:featuredmedia":[{"embeddable":true,"href":"https:\/\/stilo24.com\/index.php\/wp-json\/wp\/v2\/media\/42"}],"wp:attachment":[{"href":"https:\/\/stilo24.com\/index.php\/wp-json\/wp\/v2\/media?parent=41"}],"curies":[{"name":"wp","href":"https:\/\/api.w.org\/{rel}","templated":true}]}}